{"id":508,"date":"2025-09-09T18:10:46","date_gmt":"2025-09-09T17:10:46","guid":{"rendered":"https:\/\/test.bendavroy.be\/?page_id=508"},"modified":"2025-10-18T17:32:55","modified_gmt":"2025-10-18T16:32:55","slug":"qui-sommes-nous","status":"publish","type":"page","link":"https:\/\/test.bendavroy.be\/index.php\/qui-sommes-nous\/","title":{"rendered":"Qui sommes-nous ?"},"content":{"rendered":"\t\t<div data-elementor-type=\"wp-page\" data-elementor-id=\"508\" class=\"elementor elementor-508\">\n\t\t\t\t<div class=\"elementor-element elementor-element-c450dab e-flex e-con-boxed e-con e-parent\" data-id=\"c450dab\" data-element_type=\"container\" data-settings=\"{&quot;background_background&quot;:&quot;slideshow&quot;,&quot;background_slideshow_gallery&quot;:[{&quot;id&quot;:107,&quot;url&quot;:&quot;https:\\\/\\\/test.bendavroy.be\\\/wp-content\\\/uploads\\\/2025\\\/08\\\/IMG_3339-scaled.jpg&quot;}],&quot;background_slideshow_loop&quot;:&quot;yes&quot;,&quot;background_slideshow_slide_duration&quot;:5000,&quot;background_slideshow_slide_transition&quot;:&quot;fade&quot;,&quot;background_slideshow_transition_duration&quot;:500}\">\n\t\t\t\t\t<div class=\"e-con-inner\">\n\t\t\t\t<div class=\"elementor-element elementor-element-bced128 elementor-widget elementor-widget-heading\" data-id=\"bced128\" data-element_type=\"widget\" data-widget_type=\"heading.default\">\n\t\t\t\t\t<h2 class=\"elementor-heading-title elementor-size-default\">PR\u00c9SENTATION<\/h2>\t\t\t\t<\/div>\n\t\t\t\t\t<\/div>\n\t\t\t\t<\/div>\n\t\t<div class=\"elementor-element elementor-element-ff541eb e-flex e-con-boxed e-con e-parent\" data-id=\"ff541eb\" data-element_type=\"container\">\n\t\t\t\t\t<div class=\"e-con-inner\">\n\t\t\t\t<div class=\"elementor-element elementor-element-1457b73 elementor-widget elementor-widget-text-editor\" data-id=\"1457b73\" data-element_type=\"widget\" data-widget_type=\"text-editor.default\">\n\t\t\t\t\t\t\t\t\t<p>Pour incarner une communaut\u00e9 en phase avec l\u2019Evangile, nous souhaitons \u00eatre :<\/p><p>\u2013 une communaut\u00e9 accueillante, ouverte \u00e0 tous et \u00e0 l\u2019inattendu o\u00f9 on a bon d\u2019\u00eatre ensemble <br \/>\u2013 une communaut\u00e9 qui t\u00e9moigne du go\u00fbt de vivre de l\u2019\u00e9vangile et donne envie de la rejoindre et d\u2019y \u00eatre actif<br \/>\u2013 une communaut\u00e9 qui avance sur le chemin d\u2019une conversion pastorale et missionnaire \u00e0 l\u2019\u00e9coute des besoins de nos contemporains.<br \/>\u2013 une communaut\u00e9 qui propose une alternative spirituelle au mat\u00e9rialisme actuel en adaptant ses pratiques.<\/p>\t\t\t\t\t\t\t\t<\/div>\n\t\t\t\t\t<\/div>\n\t\t\t\t<\/div>\n\t\t<div class=\"elementor-element elementor-element-3fc576a e-flex e-con-boxed e-con e-parent\" data-id=\"3fc576a\" data-element_type=\"container\">\n\t\t\t\t\t<div class=\"e-con-inner\">\n\t\t\t\t<div class=\"elementor-element elementor-element-d7f9545 elementor-widget elementor-widget-heading\" data-id=\"d7f9545\" data-element_type=\"widget\" data-widget_type=\"heading.default\">\n\t\t\t\t\t<h2 class=\"elementor-heading-title elementor-size-default\">Nos paroisses<\/h2>\t\t\t\t<\/div>\n\t\t\t\t\t<\/div>\n\t\t\t\t<\/div>\n\t\t<div class=\"elementor-element elementor-element-8d53fd4 e-flex e-con-boxed e-con e-parent\" data-id=\"8d53fd4\" data-element_type=\"container\">\n\t\t\t\t\t<div class=\"e-con-inner\">\n\t\t<div class=\"elementor-element elementor-element-8f4ac8b e-con-full e-flex e-con e-child\" data-id=\"8f4ac8b\" data-element_type=\"container\">\n\t\t\t\t<div class=\"elementor-element elementor-element-dc865a9 elementor-widget elementor-widget-image\" data-id=\"dc865a9\" data-element_type=\"widget\" data-widget_type=\"image.default\">\n\t\t\t\t\t\t\t\t\t\t\t\t\t\t\t<img decoding=\"async\" src=\"https:\/\/test.bendavroy.be\/wp-content\/plugins\/elementor\/assets\/images\/placeholder.png\" title=\"\" alt=\"\" loading=\"lazy\" \/>\t\t\t\t\t\t\t\t\t\t\t\t\t\t\t<\/div>\n\t\t\t\t<div class=\"elementor-element elementor-element-e4842ee elementor-widget elementor-widget-heading\" data-id=\"e4842ee\" data-element_type=\"widget\" data-widget_type=\"heading.default\">\n\t\t\t\t\t<h2 class=\"elementor-heading-title elementor-size-default\">Notre-Dame du Saint Rosaire (Sclessin)<\/h2>\t\t\t\t<\/div>\n\t\t\t\t<\/div>\n\t\t<div class=\"elementor-element elementor-element-fe7308f e-con-full e-flex e-con e-child\" data-id=\"fe7308f\" data-element_type=\"container\">\n\t\t<div class=\"elementor-element elementor-element-cad557b e-con-full e-flex e-con e-child\" data-id=\"cad557b\" data-element_type=\"container\">\n\t\t\t\t<div class=\"elementor-element elementor-element-ca484fe elementor-widget elementor-widget-heading\" data-id=\"ca484fe\" data-element_type=\"widget\" data-widget_type=\"heading.default\">\n\t\t\t\t\t<h2 class=\"elementor-heading-title elementor-size-default\">Horaires et adresses<\/h2>\t\t\t\t<\/div>\n\t\t\t\t<\/div>\n\t\t<div class=\"elementor-element elementor-element-c253c39 e-con-full e-flex e-con e-child\" data-id=\"c253c39\" data-element_type=\"container\">\n\t\t\t\t<div class=\"elementor-element elementor-element-8f5734d elementor-widget elementor-widget-text-editor\" data-id=\"8f5734d\" data-element_type=\"widget\" data-widget_type=\"text-editor.default\">\n\t\t\t\t\t\t\t\t\t<p>R\u00e9sum\u00e9 descriptif de l&rsquo;\u00e9glises (histoire, ..)<\/p>\t\t\t\t\t\t\t\t<\/div>\n\t\t\t\t<\/div>\n\t\t\t\t<\/div>\n\t\t\t\t\t<\/div>\n\t\t\t\t<\/div>\n\t\t<div class=\"elementor-element elementor-element-d6639a2 e-flex e-con-boxed e-con e-parent\" data-id=\"d6639a2\" data-element_type=\"container\">\n\t\t\t\t\t<div class=\"e-con-inner\">\n\t\t<div class=\"elementor-element elementor-element-c0f6e33 e-con-full e-flex e-con e-child\" data-id=\"c0f6e33\" data-element_type=\"container\">\n\t\t\t\t<div class=\"elementor-element elementor-element-18cd304 elementor-widget elementor-widget-image\" data-id=\"18cd304\" data-element_type=\"widget\" data-widget_type=\"image.default\">\n\t\t\t\t\t\t\t\t\t\t\t\t\t\t\t<img decoding=\"async\" src=\"https:\/\/test.bendavroy.be\/wp-content\/plugins\/elementor\/assets\/images\/placeholder.png\" title=\"\" alt=\"\" loading=\"lazy\" \/>\t\t\t\t\t\t\t\t\t\t\t\t\t\t\t<\/div>\n\t\t\t\t<div class=\"elementor-element elementor-element-7915856 elementor-widget elementor-widget-heading\" data-id=\"7915856\" data-element_type=\"widget\" data-widget_type=\"heading.default\">\n\t\t\t\t\t<h2 class=\"elementor-heading-title elementor-size-default\">Sacr\u00e9-Coeur et Notre-Dame de Lourdes(Cointe)<\/h2>\t\t\t\t<\/div>\n\t\t\t\t<\/div>\n\t\t<div class=\"elementor-element elementor-element-0053162 e-con-full e-flex e-con e-child\" data-id=\"0053162\" data-element_type=\"container\">\n\t\t<div class=\"elementor-element elementor-element-da4f9b0 e-con-full e-flex e-con e-child\" data-id=\"da4f9b0\" data-element_type=\"container\">\n\t\t\t\t<div class=\"elementor-element elementor-element-375cc04 elementor-widget elementor-widget-heading\" data-id=\"375cc04\" data-element_type=\"widget\" data-widget_type=\"heading.default\">\n\t\t\t\t\t<h2 class=\"elementor-heading-title elementor-size-default\"><span class=\"elementor-heading-title elementor-size-default elementor-inline-editing pen\" data-elementor-setting-key=\"title\" data-pen-placeholder=\"\u00c9crivez ici...\" style=\"border: 0px;font-size: 1.875rem;vertical-align: baseline;clear: none;line-height: 1.3em\">Horaires et adresses<\/span><\/h2>\t\t\t\t<\/div>\n\t\t\t\t<\/div>\n\t\t<div class=\"elementor-element elementor-element-335d700 e-con-full e-flex e-con e-child\" data-id=\"335d700\" data-element_type=\"container\">\n\t\t\t\t<div class=\"elementor-element elementor-element-6f7819d elementor-widget elementor-widget-text-editor\" data-id=\"6f7819d\" data-element_type=\"widget\" data-widget_type=\"text-editor.default\">\n\t\t\t\t\t\t\t\t\t<p>Lorem ipsum dolor sit amet, consectetur adipiscing elit. Ut elit tellus, luctus nec ullamcorper mattis, pulvinar dapibus leo.<\/p>\t\t\t\t\t\t\t\t<\/div>\n\t\t\t\t<\/div>\n\t\t\t\t<\/div>\n\t\t\t\t\t<\/div>\n\t\t\t\t<\/div>\n\t\t<div class=\"elementor-element elementor-element-9fd25f6 e-flex e-con-boxed e-con e-parent\" data-id=\"9fd25f6\" data-element_type=\"container\">\n\t\t\t\t\t<div class=\"e-con-inner\">\n\t\t<div class=\"elementor-element elementor-element-5b33825 e-con-full e-flex e-con e-child\" data-id=\"5b33825\" data-element_type=\"container\">\n\t\t\t\t<div class=\"elementor-element elementor-element-ebfb1b3 elementor-widget elementor-widget-image\" data-id=\"ebfb1b3\" data-element_type=\"widget\" data-widget_type=\"image.default\">\n\t\t\t\t\t\t\t\t\t\t\t\t\t\t\t<img decoding=\"async\" src=\"https:\/\/test.bendavroy.be\/wp-content\/plugins\/elementor\/assets\/images\/placeholder.png\" title=\"\" alt=\"\" loading=\"lazy\" \/>\t\t\t\t\t\t\t\t\t\t\t\t\t\t\t<\/div>\n\t\t\t\t<div class=\"elementor-element elementor-element-b249d44 elementor-widget elementor-widget-heading\" data-id=\"b249d44\" data-element_type=\"widget\" data-widget_type=\"heading.default\">\n\t\t\t\t\t<h2 class=\"elementor-heading-title elementor-size-default\">Sainte-Marie des Anges<\/h2>\t\t\t\t<\/div>\n\t\t\t\t<\/div>\n\t\t<div class=\"elementor-element elementor-element-3205c8d e-con-full e-flex e-con e-child\" data-id=\"3205c8d\" data-element_type=\"container\">\n\t\t<div class=\"elementor-element elementor-element-90e8d7d e-con-full e-flex e-con e-child\" data-id=\"90e8d7d\" data-element_type=\"container\">\n\t\t\t\t<div class=\"elementor-element elementor-element-673ab10 elementor-widget elementor-widget-heading\" data-id=\"673ab10\" data-element_type=\"widget\" data-widget_type=\"heading.default\">\n\t\t\t\t\t<h2 class=\"elementor-heading-title elementor-size-default\"><span class=\"elementor-heading-title elementor-size-default elementor-inline-editing pen\" data-elementor-setting-key=\"title\" data-pen-placeholder=\"\u00c9crivez ici...\" style=\"border: 0px;font-size: 1.875rem;vertical-align: baseline;clear: none;line-height: 1.3em\">Horaires et adresses<\/span><\/h2>\t\t\t\t<\/div>\n\t\t\t\t<\/div>\n\t\t<div class=\"elementor-element elementor-element-192a4da e-con-full e-flex e-con e-child\" data-id=\"192a4da\" data-element_type=\"container\">\n\t\t\t\t<div class=\"elementor-element elementor-element-eac82ba elementor-widget elementor-widget-text-editor\" data-id=\"eac82ba\" data-element_type=\"widget\" data-widget_type=\"text-editor.default\">\n\t\t\t\t\t\t\t\t\t<p>Lorem ipsum dolor sit amet, consectetur adipiscing elit. Ut elit tellus, luctus nec ullamcorper mattis, pulvinar dapibus leo.<\/p>\t\t\t\t\t\t\t\t<\/div>\n\t\t\t\t<\/div>\n\t\t\t\t<\/div>\n\t\t\t\t\t<\/div>\n\t\t\t\t<\/div>\n\t\t<div class=\"elementor-element elementor-element-4327e4d e-flex e-con-boxed e-con e-parent\" data-id=\"4327e4d\" data-element_type=\"container\">\n\t\t\t\t\t<div class=\"e-con-inner\">\n\t\t<div class=\"elementor-element elementor-element-49de593 e-con-full e-flex e-con e-child\" data-id=\"49de593\" data-element_type=\"container\">\n\t\t\t\t<div class=\"elementor-element elementor-element-ea2da9b elementor-widget elementor-widget-image\" data-id=\"ea2da9b\" data-element_type=\"widget\" data-widget_type=\"image.default\">\n\t\t\t\t\t\t\t\t\t\t\t\t\t\t\t<img decoding=\"async\" src=\"https:\/\/test.bendavroy.be\/wp-content\/plugins\/elementor\/assets\/images\/placeholder.png\" title=\"\" alt=\"\" loading=\"lazy\" \/>\t\t\t\t\t\t\t\t\t\t\t\t\t\t\t<\/div>\n\t\t\t\t<div class=\"elementor-element elementor-element-b8acef0 elementor-widget elementor-widget-heading\" data-id=\"b8acef0\" data-element_type=\"widget\" data-widget_type=\"heading.default\">\n\t\t\t\t\t<h2 class=\"elementor-heading-title elementor-size-default\">Sainte-V\u00e9ronique<\/h2>\t\t\t\t<\/div>\n\t\t\t\t<\/div>\n\t\t<div class=\"elementor-element elementor-element-944349e e-con-full e-flex e-con e-child\" data-id=\"944349e\" data-element_type=\"container\">\n\t\t<div class=\"elementor-element elementor-element-e461cfb e-con-full e-flex e-con e-child\" data-id=\"e461cfb\" data-element_type=\"container\">\n\t\t\t\t<div class=\"elementor-element elementor-element-62ba3ed elementor-widget elementor-widget-heading\" data-id=\"62ba3ed\" data-element_type=\"widget\" data-widget_type=\"heading.default\">\n\t\t\t\t\t<h2 class=\"elementor-heading-title elementor-size-default\"><span class=\"elementor-heading-title elementor-size-default elementor-inline-editing pen\" data-elementor-setting-key=\"title\" data-pen-placeholder=\"\u00c9crivez ici...\" style=\"border: 0px;font-size: 1.875rem;vertical-align: baseline;clear: none;line-height: 1.3em\">Horaires et adresses<\/span><\/h2>\t\t\t\t<\/div>\n\t\t\t\t<\/div>\n\t\t<div class=\"elementor-element elementor-element-034aeaa e-con-full e-flex e-con e-child\" data-id=\"034aeaa\" data-element_type=\"container\">\n\t\t\t\t<div class=\"elementor-element elementor-element-6570f1e elementor-widget elementor-widget-text-editor\" data-id=\"6570f1e\" data-element_type=\"widget\" data-widget_type=\"text-editor.default\">\n\t\t\t\t\t\t\t\t\t<p>Lorem ipsum dolor sit amet, consectetur adipiscing elit. Ut elit tellus, luctus nec ullamcorper mattis, pulvinar dapibus leo.<\/p>\t\t\t\t\t\t\t\t<\/div>\n\t\t\t\t<\/div>\n\t\t\t\t<\/div>\n\t\t\t\t\t<\/div>\n\t\t\t\t<\/div>\n\t\t<div class=\"elementor-element elementor-element-0716a29 e-flex e-con-boxed e-con e-parent\" data-id=\"0716a29\" data-element_type=\"container\">\n\t\t\t\t\t<div class=\"e-con-inner\">\n\t\t\t\t<div class=\"elementor-element elementor-element-ace254e elementor-widget elementor-widget-heading\" data-id=\"ace254e\" data-element_type=\"widget\" data-widget_type=\"heading.default\">\n\t\t\t\t\t<h2 class=\"elementor-heading-title elementor-size-default\">L'\u00e9quipe pastorale<\/h2>\t\t\t\t<\/div>\n\t\t\t\t\t<\/div>\n\t\t\t\t<\/div>\n\t\t<div class=\"elementor-element elementor-element-d9c59a8 e-grid e-con-boxed e-con e-parent\" data-id=\"d9c59a8\" data-element_type=\"container\">\n\t\t\t\t\t<div class=\"e-con-inner\">\n\t\t\t\t<div class=\"elementor-element elementor-element-89da97c elementor-widget elementor-widget-image\" data-id=\"89da97c\" data-element_type=\"widget\" data-widget_type=\"image.default\">\n\t\t\t\t\t\t\t\t\t\t\t\t\t\t\t<img decoding=\"async\" src=\"https:\/\/test.bendavroy.be\/wp-content\/plugins\/elementor\/assets\/images\/placeholder.png\" title=\"\" alt=\"\" loading=\"lazy\" \/>\t\t\t\t\t\t\t\t\t\t\t\t\t\t\t<\/div>\n\t\t\t\t<div class=\"elementor-element elementor-element-64eae8a elementor-widget elementor-widget-image\" data-id=\"64eae8a\" data-element_type=\"widget\" data-widget_type=\"image.default\">\n\t\t\t\t\t\t\t\t\t\t\t\t\t\t\t<img decoding=\"async\" src=\"https:\/\/test.bendavroy.be\/wp-content\/plugins\/elementor\/assets\/images\/placeholder.png\" title=\"\" alt=\"\" loading=\"lazy\" \/>\t\t\t\t\t\t\t\t\t\t\t\t\t\t\t<\/div>\n\t\t\t\t<div class=\"elementor-element elementor-element-d419c90 elementor-widget elementor-widget-image\" data-id=\"d419c90\" data-element_type=\"widget\" data-widget_type=\"image.default\">\n\t\t\t\t\t\t\t\t\t\t\t\t\t\t\t<img decoding=\"async\" src=\"https:\/\/test.bendavroy.be\/wp-content\/plugins\/elementor\/assets\/images\/placeholder.png\" title=\"\" alt=\"\" loading=\"lazy\" \/>\t\t\t\t\t\t\t\t\t\t\t\t\t\t\t<\/div>\n\t\t\t\t\t<\/div>\n\t\t\t\t<\/div>\n\t\t<div class=\"elementor-element elementor-element-76d91da e-grid e-con-boxed e-con e-parent\" data-id=\"76d91da\" data-element_type=\"container\">\n\t\t\t\t\t<div class=\"e-con-inner\">\n\t\t\t\t<div class=\"elementor-element elementor-element-1a45c94 elementor-widget elementor-widget-heading\" data-id=\"1a45c94\" data-element_type=\"widget\" data-widget_type=\"heading.default\">\n\t\t\t\t\t<h2 class=\"elementor-heading-title elementor-size-default\">Ajoutez votre titre ici<\/h2>\t\t\t\t<\/div>\n\t\t\t\t<div class=\"elementor-element elementor-element-1cac8d4 elementor-widget elementor-widget-heading\" data-id=\"1cac8d4\" data-element_type=\"widget\" data-widget_type=\"heading.default\">\n\t\t\t\t\t<h2 class=\"elementor-heading-title elementor-size-default\">Ajoutez votre titre ici<\/h2>\t\t\t\t<\/div>\n\t\t\t\t<div class=\"elementor-element elementor-element-6e2c093 elementor-widget elementor-widget-heading\" data-id=\"6e2c093\" data-element_type=\"widget\" data-widget_type=\"heading.default\">\n\t\t\t\t\t<h2 class=\"elementor-heading-title elementor-size-default\">Ajoutez votre titre ici<\/h2>\t\t\t\t<\/div>\n\t\t\t\t\t<\/div>\n\t\t\t\t<\/div>\n\t\t<div class=\"elementor-element elementor-element-e35fb41 e-grid e-con-boxed e-con e-parent\" data-id=\"e35fb41\" data-element_type=\"container\">\n\t\t\t\t\t<div class=\"e-con-inner\">\n\t\t\t\t<div class=\"elementor-element elementor-element-2cf2c48 elementor-widget elementor-widget-image\" data-id=\"2cf2c48\" data-element_type=\"widget\" data-widget_type=\"image.default\">\n\t\t\t\t\t\t\t\t\t\t\t\t\t\t\t<img decoding=\"async\" src=\"https:\/\/test.bendavroy.be\/wp-content\/plugins\/elementor\/assets\/images\/placeholder.png\" title=\"\" alt=\"\" loading=\"lazy\" \/>\t\t\t\t\t\t\t\t\t\t\t\t\t\t\t<\/div>\n\t\t\t\t<div class=\"elementor-element elementor-element-5ff8805 elementor-widget elementor-widget-image\" data-id=\"5ff8805\" data-element_type=\"widget\" data-widget_type=\"image.default\">\n\t\t\t\t\t\t\t\t\t\t\t\t\t\t\t<img decoding=\"async\" src=\"https:\/\/test.bendavroy.be\/wp-content\/plugins\/elementor\/assets\/images\/placeholder.png\" title=\"\" alt=\"\" loading=\"lazy\" \/>\t\t\t\t\t\t\t\t\t\t\t\t\t\t\t<\/div>\n\t\t\t\t<div class=\"elementor-element elementor-element-ec34629 elementor-widget elementor-widget-image\" data-id=\"ec34629\" data-element_type=\"widget\" data-widget_type=\"image.default\">\n\t\t\t\t\t\t\t\t\t\t\t\t\t\t\t<img decoding=\"async\" src=\"https:\/\/test.bendavroy.be\/wp-content\/plugins\/elementor\/assets\/images\/placeholder.png\" title=\"\" alt=\"\" loading=\"lazy\" \/>\t\t\t\t\t\t\t\t\t\t\t\t\t\t\t<\/div>\n\t\t\t\t\t<\/div>\n\t\t\t\t<\/div>\n\t\t<div class=\"elementor-element elementor-element-bbc1ba7 e-grid e-con-boxed e-con e-parent\" data-id=\"bbc1ba7\" data-element_type=\"container\">\n\t\t\t\t\t<div class=\"e-con-inner\">\n\t\t\t\t<div class=\"elementor-element elementor-element-189976b elementor-widget elementor-widget-heading\" data-id=\"189976b\" data-element_type=\"widget\" data-widget_type=\"heading.default\">\n\t\t\t\t\t<h2 class=\"elementor-heading-title elementor-size-default\">Ajoutez votre titre ici<\/h2>\t\t\t\t<\/div>\n\t\t\t\t<div class=\"elementor-element elementor-element-22b4240 elementor-widget elementor-widget-heading\" data-id=\"22b4240\" data-element_type=\"widget\" data-widget_type=\"heading.default\">\n\t\t\t\t\t<h2 class=\"elementor-heading-title elementor-size-default\">Ajoutez votre titre ici<\/h2>\t\t\t\t<\/div>\n\t\t\t\t<div class=\"elementor-element elementor-element-0c80c44 elementor-widget elementor-widget-heading\" data-id=\"0c80c44\" data-element_type=\"widget\" data-widget_type=\"heading.default\">\n\t\t\t\t\t<h2 class=\"elementor-heading-title elementor-size-default\">Ajoutez votre titre ici<\/h2>\t\t\t\t<\/div>\n\t\t\t\t\t<\/div>\n\t\t\t\t<\/div>\n\t\t\t\t<\/div>\n\t\t","protected":false},"excerpt":{"rendered":"<p>PR\u00c9SENTATION Pour incarner une communaut\u00e9 en phase avec l\u2019Evangile, nous souhaitons \u00eatre : \u2013 une communaut\u00e9 accueillante, ouverte \u00e0 tous et \u00e0 l\u2019inattendu o\u00f9 on a bon d\u2019\u00eatre ensemble \u2013&#8230;<\/p>\n","protected":false},"author":2,"featured_media":0,"parent":0,"menu_order":0,"comment_status":"closed","ping_status":"closed","template":"","meta":{"_kad_post_transparent":"","_kad_post_title":"","_kad_post_layout":"","_kad_post_sidebar_id":"","_kad_post_content_style":"","_kad_post_vertical_padding":"","_kad_post_feature":"","_kad_post_feature_position":"","_kad_post_header":false,"_kad_post_footer":false,"_kad_post_classname":"","footnotes":""},"class_list":["post-508","page","type-page","status-publish","hentry"],"_links":{"self":[{"href":"https:\/\/test.bendavroy.be\/index.php\/wp-json\/wp\/v2\/pages\/508","targetHints":{"allow":["GET"]}}],"collection":[{"href":"https:\/\/test.bendavroy.be\/index.php\/wp-json\/wp\/v2\/pages"}],"about":[{"href":"https:\/\/test.bendavroy.be\/index.php\/wp-json\/wp\/v2\/types\/page"}],"author":[{"embeddable":true,"href":"https:\/\/test.bendavroy.be\/index.php\/wp-json\/wp\/v2\/users\/2"}],"replies":[{"embeddable":true,"href":"https:\/\/test.bendavroy.be\/index.php\/wp-json\/wp\/v2\/comments?post=508"}],"version-history":[{"count":37,"href":"https:\/\/test.bendavroy.be\/index.php\/wp-json\/wp\/v2\/pages\/508\/revisions"}],"predecessor-version":[{"id":560,"href":"https:\/\/test.bendavroy.be\/index.php\/wp-json\/wp\/v2\/pages\/508\/revisions\/560"}],"wp:attachment":[{"href":"https:\/\/test.bendavroy.be\/index.php\/wp-json\/wp\/v2\/media?parent=508"}],"curies":[{"name":"wp","href":"https:\/\/api.w.org\/{rel}","templated":true}]}}